{"id":2,"date":"2016-05-10T03:48:21","date_gmt":"2016-05-10T03:48:21","guid":{"rendered":"http:\/\/test.mtv1861greussen.de\/?page_id=2"},"modified":"2025-02-17T17:04:25","modified_gmt":"2025-02-17T17:04:25","slug":"sample-page","status":"publish","type":"page","link":"https:\/\/www.mtv1861greussen.de\/","title":{"rendered":"MTV allgemein"},"content":{"rendered":"<p align=\"left\" style=\"text-align: center;\">&nbsp; &nbsp; &nbsp; &nbsp; &nbsp; &nbsp; &nbsp; &nbsp; &nbsp; &nbsp; &nbsp; &nbsp; &nbsp; &nbsp; &nbsp; &nbsp;&nbsp;<b><span style=\"font-family: Cataneo BT; font-size: x-large;\">Der M\u00e4nnerturnverein wurde 1861 gegr\u00fcndet, 1949&nbsp; umbenannt in BSG Traktor Greu\u00dfen und ab 24. 07.1990 wurde es wieder der MTV 1861 Greu\u00dfen e.V.<\/span><span style=\"color: #ffff00; font-family: Monotype Corsiva; font-size: large;\">&nbsp;<\/span><\/b><\/p>\r\n<p style=\"text-align: center;\" align=\"left\"><\/p>\r\n<p style=\"text-align: center;\"><span style=\"font-size: large;\"><strong>Bilder einiger Erfolge<\/strong> &nbsp;<b>&nbsp;<\/b><\/span><b>&nbsp;<\/b>&nbsp;&nbsp;&nbsp;&nbsp;&nbsp;&nbsp;&nbsp;<\/p>\r\n<p style=\"text-align: center;\">&nbsp;&nbsp;&nbsp;&nbsp;&nbsp;&nbsp;&nbsp;&nbsp;&nbsp;&nbsp;&nbsp;&nbsp;&nbsp;&nbsp; <img loading=\"lazy\" decoding=\"async\" src=\"http:\/\/www.mtv1861greussen.de\/wp-content\/uploads\/2020\/12\/WBKnabenDDRMeisterschaften.jpg\" alt=\"\" class=\"alignnone size-full wp-image-3645\" width=\"300\" height=\"207\"><\/p>\r\n<p style=\"text-align: center;\"><strong>Platz 6 bei den DDR Meisterschaften 1973 im Wasserball f\u00fcr unsere Knabenmannschaft<\/strong><\/p>\r\n<p style=\"text-align: center;\">&nbsp;&nbsp;&nbsp;&nbsp;&nbsp;&nbsp;&nbsp;&nbsp;&nbsp;&nbsp;&nbsp;&nbsp;&nbsp;&nbsp; <img loading=\"lazy\" decoding=\"async\" src=\"http:\/\/www.mtv1861greussen.de\/wp-content\/uploads\/2020\/12\/SiegerThPokalTT.jpg\" alt=\"\" class=\" wp-image-3646 aligncenter\" width=\"300\" height=\"235\"><\/p>\r\n<p style=\"text-align: center;\"><strong>Sieger des Th\u00fcringenpokal f\u00fcr Kreisliga Mannschaften 1994 im Tischtennis<\/strong><\/p>\r\n<p style=\"text-align: center;\">&nbsp;&nbsp;&nbsp;&nbsp;&nbsp;&nbsp;&nbsp;&nbsp;&nbsp;&nbsp;&nbsp;&nbsp;&nbsp;&nbsp; <img loading=\"lazy\" decoding=\"async\" src=\"http:\/\/www.mtv1861greussen.de\/wp-content\/uploads\/2020\/12\/MFwbFuenfundachtzig.jpg\" alt=\"\" class=\" wp-image-3648 aligncenter\" width=\"302\" height=\"170\"><\/p>\r\n<p style=\"text-align: center;\"><strong>Platz 3 bei den Bezirksmeisterschaften 1985 f\u00fcr die Wasserballer<\/strong><\/p>\r\n<p style=\"text-align: center;\">&nbsp;&nbsp;&nbsp;&nbsp;&nbsp;&nbsp;&nbsp;&nbsp;&nbsp;&nbsp;&nbsp;&nbsp;&nbsp;&nbsp; <img loading=\"lazy\" decoding=\"async\" src=\"http:\/\/www.mtv1861greussen.de\/wp-content\/uploads\/2020\/12\/LandespokalsiegerJugendTT.jpg\" alt=\"\" class=\"wp-image-3649 aligncenter\" width=\"301\" height=\"215\"><\/p>\r\n<p style=\"text-align: center;\"><strong>Gewinner des Th\u00fcringenpokals f\u00fcr Jugendmannschaften 1998<\/strong><\/p>\r\n<p>&nbsp;<\/p>\r\n<p><img loading=\"lazy\" decoding=\"async\" src=\"http:\/\/www.mtv1861greussen.de\/wp-content\/uploads\/2020\/12\/2016-LM-Seniorenmannschaft-1024x752.jpg\" alt=\"\" width=\"301\" height=\"221\" class=\" wp-image-3711 aligncenter\" srcset=\"https:\/\/www.mtv1861greussen.de\/wp-content\/uploads\/2020\/12\/2016-LM-Seniorenmannschaft-1024x752.jpg 1024w, https:\/\/www.mtv1861greussen.de\/wp-content\/uploads\/2020\/12\/2016-LM-Seniorenmannschaft-300x220.jpg 300w, https:\/\/www.mtv1861greussen.de\/wp-content\/uploads\/2020\/12\/2016-LM-Seniorenmannschaft-768x564.jpg 768w, https:\/\/www.mtv1861greussen.de\/wp-content\/uploads\/2020\/12\/2016-LM-Seniorenmannschaft-1536x1129.jpg 1536w, https:\/\/www.mtv1861greussen.de\/wp-content\/uploads\/2020\/12\/2016-LM-Seniorenmannschaft-2048x1505.jpg 2048w\" sizes=\"auto, (max-width: 301px) 100vw, 301px\" \/><\/p>\r\n<p style=\"text-align: center;\"><strong>Th\u00fcringer Mannschaftsmeister der Senioren \u00dc 50&nbsp;<\/strong><\/p>\r\n\r\n<div class=\"wp-block-image is-style-circle-mask\" style=\"text-align: center;\">\r\n<figure class=\"aligncenter size-large is-resized\"><a href=\"https:\/\/www.mtv1861greussen.de\/?p=864\"><img loading=\"lazy\" decoding=\"async\" src=\"https:\/\/www.mtv1861greussen.de\/wp-content\/uploads\/2020\/02\/IMG00142-1-1024x768.jpg\" alt=\"\" class=\"wp-image-867 aligncenter\" width=\"224\" height=\"168\" srcset=\"https:\/\/www.mtv1861greussen.de\/wp-content\/uploads\/2020\/02\/IMG00142-1-1024x768.jpg 1024w, https:\/\/www.mtv1861greussen.de\/wp-content\/uploads\/2020\/02\/IMG00142-1-300x225.jpg 300w, https:\/\/www.mtv1861greussen.de\/wp-content\/uploads\/2020\/02\/IMG00142-1-768x576.jpg 768w, https:\/\/www.mtv1861greussen.de\/wp-content\/uploads\/2020\/02\/IMG00142-1.jpg 1357w\" sizes=\"auto, (max-width: 224px) 100vw, 224px\" \/><\/a>\r\n<figcaption><strong>MTV allgemein Fotoalbum<\/strong><\/figcaption>\r\n<\/figure>\r\n<\/div>\r\n\r\n\r\n\r\n<p style=\"font-size: 44px; text-align: center;\" class=\"has-text-align-center\"><strong><a href=\"https:\/\/www.mtv1861greussen.de\/?p=2284\">Mitglieder des Vorstandes<\/a><\/strong><\/p>\r\n<p style=\"text-align: center;\"><span style=\"color: #33cccc;\"><a href=\"https:\/\/www.mtv1861greussen.de\/?p=5661\" style=\"color: #33cccc;\"><strong><span style=\"color: #ff0000;\">Durchf\u00fchrung von Bewegungskursen, die von den Krankenkassen gef\u00f6rdert werden.<\/span><\/strong><\/a><\/span><\/p>\r\n\r\n\r\n\r\n<p class=\"has-text-align-center has-large-font-size\" style=\"text-align: center;\"><a href=\"https:\/\/www.mtv1861greussen.de\/?p=2511\"><strong>Informationen zur Abteilung Kegeln<\/strong><\/a><\/p>\r\n<p style=\"text-align: center;\"><strong><span style=\"color: #ff0000;\"><a href=\"https:\/\/www.mtv1861greussen.de\/?p=5028\" style=\"color: #ff0000;\">Anmeldeformular<\/a><\/span><\/strong><\/p>\r\n","protected":false},"excerpt":{"rendered":"<p>&nbsp; &nbsp; &nbsp; &nbsp; &nbsp; &nbsp; &nbsp; &nbsp; &nbsp; &nbsp; &nbsp; &nbsp; &nbsp; &nbsp; &nbsp; &nbsp;&nbsp;Der M\u00e4nnerturnverein wurde 1861 gegr\u00fcndet, 1949&nbsp; umbenannt in BSG Traktor Greu\u00dfen und ab 24. 07.1990 wurde es wieder der MTV 1861 Greu\u00dfen e.V.&nbsp; Bilder einiger Erfolge &nbsp;&nbsp;&nbsp;&nbsp;&nbsp;&nbsp;&nbsp;&nbsp;&nbsp;&nbsp; &nbsp;&nbsp;&nbsp;&nbsp;&nbsp;&nbsp;&nbsp;&nbsp;&nbsp;&nbsp;&nbsp;&nbsp;&nbsp;&nbsp; Platz 6 bei den DDR Meisterschaften 1973 [&hellip;]<\/p>\n","protected":false},"author":1,"featured_media":0,"parent":0,"menu_order":0,"comment_status":"closed","ping_status":"open","template":"","meta":{"ngg_post_thumbnail":0,"footnotes":""},"class_list":["post-2","page","type-page","status-publish","hentry"],"_links":{"self":[{"href":"https:\/\/www.mtv1861greussen.de\/index.php?rest_route=\/wp\/v2\/pages\/2","targetHints":{"allow":["GET"]}}],"collection":[{"href":"https:\/\/www.mtv1861greussen.de\/index.php?rest_route=\/wp\/v2\/pages"}],"about":[{"href":"https:\/\/www.mtv1861greussen.de\/index.php?rest_route=\/wp\/v2\/types\/page"}],"author":[{"embeddable":true,"href":"https:\/\/www.mtv1861greussen.de\/index.php?rest_route=\/wp\/v2\/users\/1"}],"replies":[{"embeddable":true,"href":"https:\/\/www.mtv1861greussen.de\/index.php?rest_route=%2Fwp%2Fv2%2Fcomments&post=2"}],"version-history":[{"count":33,"href":"https:\/\/www.mtv1861greussen.de\/index.php?rest_route=\/wp\/v2\/pages\/2\/revisions"}],"predecessor-version":[{"id":5667,"href":"https:\/\/www.mtv1861greussen.de\/index.php?rest_route=\/wp\/v2\/pages\/2\/revisions\/5667"}],"wp:attachment":[{"href":"https:\/\/www.mtv1861greussen.de\/index.php?rest_route=%2Fwp%2Fv2%2Fmedia&parent=2"}],"curies":[{"name":"wp","href":"https:\/\/api.w.org\/{rel}","templated":true}]}}