{"id":93,"date":"2020-01-12T11:33:54","date_gmt":"2020-01-12T11:33:54","guid":{"rendered":"http:\/\/test.mtv1861greussen.de\/?page_id=93"},"modified":"2022-09-20T12:14:38","modified_gmt":"2022-09-20T12:14:38","slug":"impressum","status":"publish","type":"page","link":"https:\/\/www.mtv1861greussen.de\/?page_id=93","title":{"rendered":"Impressum"},"content":{"rendered":"\r\n<p>Herausgeber MTV 1861 Greu\u00dfen e.V.<\/p>\r\n\r\n\r\n\r\n<p>Vereinsregister &#8211; Nr.: 121 Amtsgericht Sondershausen<\/p>\r\n\r\n\r\n\r\n<p>Steuernummer : 157\/141\/13493<br>&nbsp;<\/p>\r\n\r\n\r\n\r\n<p>Pierre S\u00f6lter<\/p>\r\n\r\n\r\n\r\n<p>Holzengeler Kirchstra\u00dfe 1<\/p>\r\n\r\n\r\n\r\n<p>99718 Gro\u00dfenehrich<\/p>\r\n\r\n\r\n\r\n\r\n\r\n<p><br>Projektleitung\/Gestaltung: Andreas Hahn<br><br>Textquellen\/Inhalt: Elvira Sachse, Horst Laue, Uwe Schlufter, Andreas Hahn <br><br>Domaininhaber: MTV 1861 Greu\u00dfen e.V.<br><br><br>Kontakt: <img decoding=\"async\" src=\"https:\/\/www.mtv1861greussen.de\/Bilder\/Mail\/Webmaster.jpg\" alt=\"Dieses Bild hat ein leeres Alt-Attribut. Der Dateiname ist Webmaster.jpg\"><\/p>\r\n<p><br>Verweise und Links <br><br>Bei direkten oder indirekten Verweisen auf fremde Internetseiten (&#8222;Links&#8220;), die au\u00dferhalb des Verantwortungsbereiches des Autors liegen, w\u00fcrde eine Haftungsverpflichtung ausschlie\u00dflich in dem Fall in Kraft treten, in dem der Autor von den Inhalten Kenntnis hat und es ihm technisch m\u00f6glich und zumutbar w\u00e4re, die Nutzung im Falle rechtswidriger Inhalte zu verhindern. Der Autor erkl\u00e4rt daher ausdr\u00fccklich, dass zum Zeitpunkt der Linksetzung die entsprechenden verlinkten Seiten frei von illegalen Inhalten waren. Der Autor hat keinerlei Einfluss auf die aktuelle und zuk\u00fcnftige Gestaltung und auf die Inhalte der gelinkten\/verkn\u00fcpften Seiten. Deshalb distanziert er sich hiermit ausdr\u00fccklich von allen Inhalten aller gelinkten \/verkn\u00fcpften Seiten, die nach der Linksetzung ver\u00e4ndert wurden. Diese Feststellung gilt f\u00fcr alle innerhalb des eigenen Internetangebotes gesetzten Links und Verweise sowie f\u00fcr Fremdeintr\u00e4ge in vom Autor eingerichteten G\u00e4steb\u00fcchern, Diskussionsforen und Mailinglisten. F\u00fcr illegale, fehlerhafte oder unvollst\u00e4ndige Inhalte und insbesondere f\u00fcr Sch\u00e4den, die aus der Nutzung oder Nichtnutzung solcherart dargebotener Informationen entstehen, haftet allein der Anbieter der Seite, auf welche verwiesen wurde, nicht derjenige, der \u00fcber Links auf die jeweilige Ver\u00f6ffentlichung lediglich verweist.<\/p>\r\n","protected":false},"excerpt":{"rendered":"<p>Herausgeber MTV 1861 Greu\u00dfen e.V. Vereinsregister &#8211; Nr.: 121 Amtsgericht Sondershausen Steuernummer : 157\/141\/13493&nbsp; Pierre S\u00f6lter Holzengeler Kirchstra\u00dfe 1 99718 Gro\u00dfenehrich Projektleitung\/Gestaltung: Andreas Hahn Textquellen\/Inhalt: Elvira Sachse, Horst Laue, Uwe Schlufter, Andreas Hahn Domaininhaber: MTV 1861 Greu\u00dfen e.V. Kontakt: Verweise und Links Bei direkten oder indirekten Verweisen auf fremde Internetseiten [&hellip;]<\/p>\n","protected":false},"author":1,"featured_media":0,"parent":0,"menu_order":0,"comment_status":"closed","ping_status":"closed","template":"","meta":{"ngg_post_thumbnail":0,"footnotes":""},"class_list":["post-93","page","type-page","status-publish","hentry"],"_links":{"self":[{"href":"https:\/\/www.mtv1861greussen.de\/index.php?rest_route=\/wp\/v2\/pages\/93","targetHints":{"allow":["GET"]}}],"collection":[{"href":"https:\/\/www.mtv1861greussen.de\/index.php?rest_route=\/wp\/v2\/pages"}],"about":[{"href":"https:\/\/www.mtv1861greussen.de\/index.php?rest_route=\/wp\/v2\/types\/page"}],"author":[{"embeddable":true,"href":"https:\/\/www.mtv1861greussen.de\/index.php?rest_route=\/wp\/v2\/users\/1"}],"replies":[{"embeddable":true,"href":"https:\/\/www.mtv1861greussen.de\/index.php?rest_route=%2Fwp%2Fv2%2Fcomments&post=93"}],"version-history":[{"count":5,"href":"https:\/\/www.mtv1861greussen.de\/index.php?rest_route=\/wp\/v2\/pages\/93\/revisions"}],"predecessor-version":[{"id":4278,"href":"https:\/\/www.mtv1861greussen.de\/index.php?rest_route=\/wp\/v2\/pages\/93\/revisions\/4278"}],"wp:attachment":[{"href":"https:\/\/www.mtv1861greussen.de\/index.php?rest_route=%2Fwp%2Fv2%2Fmedia&parent=93"}],"curies":[{"name":"wp","href":"https:\/\/api.w.org\/{rel}","templated":true}]}}